{"id":48,"date":"2026-04-26T13:07:52","date_gmt":"2026-04-26T11:07:52","guid":{"rendered":"https:\/\/raysvt.pl\/?page_id=48"},"modified":"2026-04-26T13:07:52","modified_gmt":"2026-04-26T11:07:52","slug":"projekt","status":"publish","type":"page","link":"https:\/\/raysvt.pl\/?page_id=48","title":{"rendered":"Projekt"},"content":{"rendered":"<p>Projekt firmy <strong>RaysVT<\/strong> o nazwie <strong>Wirtualny Radiolog<\/strong> zosta\u0142 uruchomiony w celu opracowania innowacyjnego rozwi\u0105zania wspieraj\u0105cego interpretacj\u0119 obraz\u00f3w RTG klatki piersiowej. Celem przedsi\u0119wzi\u0119cia jest stworzenie wzorcowego procesu, kt\u00f3ry \u0142\u0105czy analiz\u0119 obraz\u00f3w radiologicznych, identyfikacj\u0119 zmian chorobowych, pomiar wybranych parametr\u00f3w oraz generowanie ustrukturyzowanych opis\u00f3w wspieraj\u0105cych prac\u0119 specjalisty.<\/p>\n<p>Projekt koncentruje si\u0119 na wykorzystaniu metod uczenia maszynowego i nowoczesnych narz\u0119dzi informatycznych do rozpoznawania zmian widocznych na obrazach RTG oraz do przygotowania sp\u00f3jnych, czytelnych i mo\u017cliwych do dalszego wykorzystania opis\u00f3w bada\u0144. Za\u0142o\u017ceniem prac by\u0142o nie zast\u0105pienie lekarza, lecz stworzenie rozwi\u0105zania, kt\u00f3re mo\u017ce usprawni\u0107 proces diagnostyczny, skr\u00f3ci\u0107 czas analizy obrazu i zwi\u0119kszy\u0107 powtarzalno\u015b\u0107 opisu.<\/p>\n<p>W ramach projektu zaplanowano trzy etapy rozwoju technologii: od bada\u0144 analitycznych i laboratoryjnych, przez budow\u0119 oraz testowanie modeli klasyfikacyjnych i metod pomiarowych, a\u017c po walidacj\u0119 prototypu w warunkach zbli\u017conych do rzeczywistych oraz przygotowanie podstaw do dalszej komercjalizacji rozwi\u0105zania. Projekt obejmuje r\u00f3wnie\u017c koncepcj\u0119 integracji z systemami RIS, co otwiera drog\u0119 do praktycznego zastosowania rozwi\u0105zania w \u015brodowisku medycznym.<\/p>\n","protected":false},"excerpt":{"rendered":"<p>Projekt firmy RaysVT o nazwie Wirtualny Radiolog zosta\u0142 uruchomiony w celu opracowania innowacyjnego rozwi\u0105zania wspieraj\u0105cego interpretacj\u0119 obraz\u00f3w RTG klatki piersiowej. Celem przedsi\u0119wzi\u0119cia jest stworzenie wzorcowego procesu, kt\u00f3ry \u0142\u0105czy analiz\u0119 obraz\u00f3w &#8230;<\/p>\n","protected":false},"author":1,"featured_media":0,"parent":0,"menu_order":0,"comment_status":"closed","ping_status":"closed","template":"","meta":{"footnotes":""},"class_list":["post-48","page","type-page","status-publish","hentry"],"_links":{"self":[{"href":"https:\/\/raysvt.pl\/index.php?rest_route=\/wp\/v2\/pages\/48","targetHints":{"allow":["GET"]}}],"collection":[{"href":"https:\/\/raysvt.pl\/index.php?rest_route=\/wp\/v2\/pages"}],"about":[{"href":"https:\/\/raysvt.pl\/index.php?rest_route=\/wp\/v2\/types\/page"}],"author":[{"embeddable":true,"href":"https:\/\/raysvt.pl\/index.php?rest_route=\/wp\/v2\/users\/1"}],"replies":[{"embeddable":true,"href":"https:\/\/raysvt.pl\/index.php?rest_route=%2Fwp%2Fv2%2Fcomments&post=48"}],"version-history":[{"count":1,"href":"https:\/\/raysvt.pl\/index.php?rest_route=\/wp\/v2\/pages\/48\/revisions"}],"predecessor-version":[{"id":49,"href":"https:\/\/raysvt.pl\/index.php?rest_route=\/wp\/v2\/pages\/48\/revisions\/49"}],"wp:attachment":[{"href":"https:\/\/raysvt.pl\/index.php?rest_route=%2Fwp%2Fv2%2Fmedia&parent=48"}],"curies":[{"name":"wp","href":"https:\/\/api.w.org\/{rel}","templated":true}]}}